1762 is divided by 181.
178
Calculate the remainder when 1201 is divided by 398.
7
Calculate the remainder when 41 is divided by 20.
1
What is the remainder when 73 is divided by 24?
1
What is the remainder when 2507 is divided by 81?
77
Calculate the remainder when 129 is divided by 28.
17
Calculate the remainder when 52 is divided by 50.
2
Calculate the remainder when 61 is divided by 14.
5
What is the remainder when 212 is divided by 207?
5
Calculate the remainder when 1001 is divided by 123.
17
What is the remainder when 227 is divided by 10?
7
Calculate the remainder when 26 is divided by 14.
12
What is the remainder when 1522 is divided by 502?
16
What is the remainder when 49 is divided by 26?
23
Calculate the remainder when 205 is divided by 60.
25
Calculate the remainder when 3562 is divided by 108.
106
Calculate the remainder when 673 is divided by 137.
125
What is the remainder when 4217 is divided by 21?
17
What is the remainder when 33 is divided by 11?
0
What is the remainder when 131 is divided by 17?
12
Calculate the remainder when 11197 is divided by 50.
47
What is the remainder when 617 is divided by 85?
22
What is the remainder when 24 is divided by 5?
4
Calculate the remainder when 206 is divided by 21.
17
What is the remainder when 45 is divided by 28?
17
Calculate the remainder when 169 is divided by 11.
4
What is the remainder when 598 is divided by 26?
0
What is the remainder when 123 is divided by 27?
15
Calculate the remainder when 859 is divided by 145.
134
Calculate the remainder when 88 is divided by 18.
16
What is the remainder when 493 is divided by 475?
18
Calculate the remainder when 49 is divided by 14.
7
What is the remainder when 136 is divided by 29?
20
What is the remainder when 68 is divided by 10?
8
Calculate the remainder when 268 is divided by 54.
52
What is the remainder when 109 is divided by 26?
5
What is the remainder when 259 is divided by 125?
9
Calculate the remainder when 124 is divided by 6.
4
What is the remainder when 73 is divided by 7?
3
Calculate the remainder when 440 is divided by 116.
92
Calculate the remainder when 135 is divided by 68.
67
What is the remainder when 18836 is divided by 91?
90
What is the remainder when 694 is divided by 141?
130
What is the remainder when 51 is divided by 36?
15
Calculate the remainder when 95 is divided by 8.
7
What is the remainder when 505 is divided by 43?
32
What is the remainder when 64 is divided by 21?
1
What is the remainder when 69 is divided by 23?
0
What is the remainder when 119 is divided by 34?
17
What is the remainder when 460 is divided by 7?
5
What is the remainder when 200 is divided by 33?
2
Calculate the remainder when 294 is divided by 20.
14
Calculate the remainder when 4431 is divided by 1466.
33
Calculate the remainder when 250 is divided by 51.
46
Calculate the remainder when 685 is divided by 274.
137
Calculate the remainder when 41 is divided by 15.
11
Calculate the remainder when 73 is divided by 14.
3
Calculate the remainder when 819 is divided by 803.
16
What is the remainder when 1662 is divided by 111?
108
Calculate the remainder when 2087 is divided by 150.
137
What is the remainder when 126 is divided by 12?
6
What is the remainder when 58 is divided by 48?
10
Calculate the remainder when 854 is divided by 45.
44
Calculate the remainder when 807 is divided by 101.
100
What is the remainder when 348 is divided by 50?
48
Calculate the remainder when 73 is divided by 14.
3
Calculate the remainder when 3041 is divided by 15.
11
What is the remainder when 157 is divided by 20?
17
What is the remainder when 926 is divided by 120?
86
What is the remainder when 118 is divided by 15?
13
Calculate the remainder when 161 is divided by 156.
5
Calculate the remainder when 2386 is divided by 57.
49
Calculate the remainder when 38 is divided by 5.
3
What is the remainder when 11830 is divided by 263?
258
Calculate the remainder when 222 is divided by 19.
13
Calculate the remainder when 125 is divided by 36.
17
Calculate the remainder when 25 is divided by 7.
4
What is the remainder when 999 is divided by 178?
109
What is the remainder when 1353 is divided by 59?
55
What is the remainder when 418 is divided by 140?
138
What is the remainder when 1167 is divided by 1139?
28
What is the remainder when 376 is divided by 105?
61
Calculate the remainder when 4430 is divided by 31.
28
What is the remainder when 42 is divided by 22?
20
What is the remainder when 188 is divided by 38?
36
What is the remainder when 1435 is divided by 30?
25
Calculate the remainder when 1664 is divided by 88.
80
Calculate the remainder when 1349 is divided by 86.
59
Calculate the remainder when 2860 is divided by 19.
10
Calculate the remainder when 838 is divided by 268.
34
Calculate the remainder when 669 is divided by 222.
3
Calculate the remainder when 682 is divided by 19.
17
What is the remainder when 5145 is divided by 52?
49
Calculate the remainder when 103 is divided by 26.
25
Calculate the remainder when 540 is divided by 55.
45
What is the remainder when 261 is divided by 85?
6
Calculate the remainder when 643 is divided by 242.
159
What is the remainder when 2138 is divided by 670?
128
Calculate the remainder when 195 is divided by 43.
23
What is the remainder when 6079 is divided by 76?
75
Calculate the remainder when 60 is divided by 13.
8
Calculate the remainder when 3871 is divided by 32.
31
Calculate the remainder when 158 is divided by 42.
32
Calculate the remainder when 89 is divided by 5.
4
What is the remainder when 392 is divided by 269?
123
Calculate the remainder when 581 is divided by 10.
1
What is the remainder when 5498 is divided by 22?
20
Calculate the remainder when 358 is divided by 90.
88
Calculate the remainder when 15273 is divided by 235.
233
Calculate the remainder when 121 is divided by 12.
1
What is the remainder when 84 is divided by 25?
9
What is the remainder when 7156 is divided by 130?
6
What is the remainder when 365 is divided by 27?
14
Calculate the remainder when 2349 is divided by 32.
13
What is the remainder when 3303 is divided by 38?
35
Calculate the remainder when 98 is divided by 13.
7
What is the remainder when 1437 is divided by 127?
40
What is the remainder when 627 is divided by 90?
87
Calculate the remainder when 5878 is divided by 34.
30
What is the remainder when 349 is divided by 117?
115
What is the remainder when 549 is divided by 534?
15
What is the remainder when 234 is divided by 119?
115
What is the remainder when 116 is divided by 44?
28
What is the remainder when 163 is divided by 33?
31
Calculate the remainder when 1405 is divided by 67.
65
Calculate the remainder when 613 is divided by 3.
1
What is the remainder when 392 is divided by 33?
29
What is the remainder when 3 is divided by 3?
0
Calculate the remainder when 1114 is divided by 20.
14
Calculate the remainder when 430 is divided by 89.
74
Calculate the remainder when 79 is divided by 44.
35
What is the remainder when 6088 is divided by 210?
208
Calculate the remainder when 1888 is divided by 90.
88
Calculate the remainder when 226 is divided by 62.
40
Calculate the remainder when 599 is divided by 6.
5
What is the remainder when 240 is divided by 62?
54
Calculate the remainder when 1274 is divided by 28.
14
Calculate the remainder when 259 is divided by 4.
3
What is the remainder when 500 is divided by 392?
108
What is the remainder when 31 is divided by 5?
1
What is the remainder when 9338 is divided by 36?
14
What is the remainder when 21 is divided by 3?
0
Calculate the remainder when 7309 is divided by 16.
13
Calculate the remainder when 543 is divided by 176.
15
Calculate the remainder when 330 is divided by 119.
92
What is the remainder when 333 is divided by 39?
21
What is the remainder when 1517 is divided by 66?
65
Calculate the remainder when 1624 is divided by 65.
64
What is the remainder when 25 is divided by 20?
5
Calculate the remainder when 878 is divided by 27.
14
Calculate the remainder when 903 is divided by 29.
4
Calculate the remainder when 92 is divided by 35.
22
What is the remainder when 1636 is divided by 13?
11
Calculate the remainder when 848 is divided by 39.
29
What is the remainder when 165 is divide